is the tens digit of p?
1
What is the tens digit of 33/(-198) + 6506/12?
4
Suppose -4*k = 4*i - 0*i, -3*k = 5*i + 4. What is the units digit of k/10 + 29/5?
6
What is the units digit of 12/(-162) + (-269200)/(-135)?
4
Let y(s) be the third derivative of 13*s**5/5 + s**4/24 - s**3/6 + 2*s**2 - 14. What is the tens digit of y(-1)?
5
Let x(i) = i**3 - 2*i**2 - 4. Let b be x(3). Suppose -3*m + 6 = -9. Suppose b*c + m*q = 75, -c - 5*q + 26 = 7. What is the tens digit of c?
1
Let t(a) = 8*a**3 + 3*a**2 + 2*a + 14. What is the tens digit of t(5)?
9
Let t(r) = -r**3 + 56*r**2 - 86*r + 331. What is the thousands digit of t(54)?
1
Let v(n) = n - 8. Let y be v(4). Let c be y/18 - 5993/(-117). Suppose -m = -c + 1. What is the tens digit of m?
5
Suppose 4*y - 250 = u, -5*y + 34 = -5*u - 286. Suppose -5*n + 6*n = y. What is the tens digit of n?
6
Let c(i) = i**3 + 16*i**2 + 9*i - 21. Let j(n) = -n**3 + 24*n**2 - n + 9. Let b be j(24). What is the tens digit of c(b)?
6
Let x = 11 - 8. Suppose -68 - 58 = -x*h. What is the tens digit of 21/2*h/9?
4
Let j(l) be the second derivative of l**4/12 + 2*l**3/3 + 10*l**2 + 16*l. What is the units digit of j(-7)?
1
Let m(j) = j**2 + j. Let a be m(1). Suppose n = 2*n - a*t, n - 28 = -5*t. What is the units digit of n?
8
Suppose 2*t + 3*u = 2, 2 = -0*u + u. What is the tens digit of t + (24 - 2) + 2?
2
Let y be (4/(-8))/(2/(-8)) - -30. Suppose 0 = -4*l + 2*o + y + 38, 5*l = 4*o + 83. What is the tens digit of l?
1
Suppose -5*n + 4592 = 3*k, n + 181*k - 896 = 186*k. What is the hundreds digit of n?
9
Let j = 57 - 54. Suppose -5 = -5*i, j*n - 367 = -n + i. What is the units digit of n?
2
Let r = -1 + 7. Suppose 0 = p - 2, 3*p + p = q + r. Suppose b = 4*u - 6, q*b + b = -6. What is the units digit of u?
1
Let k = -999 - -1684. What is the units digit of k?
5
Let v be (4/6)/((-22)/(-33)). Suppose -v = 2*c - 5. What is the tens digit of c - (-3 - -5) - -14?
1
Let u be 1192 + -4 + 3 + 3. What is the tens digit of -1 + u/14 + 10/(-35)?
8
Let t(o) be the third derivative of o**5/40 - o**4/6 - o**3/3 - 4*o**2. Let j(k) be the first derivative of t(k). What is the units digit of j(4)?
8
Let d(l) = -l**2 - 4*l + 7. Let b be d(-5). Suppose -142 = -b*o + 64. What is the units digit of o?
3
What is the units digit of ((-532)/95 + -1)/(2/(-770))?
1
Let p(f) = -f**2 + 6*f - 1. Let v be p(4). Suppose -o = -2*j + 1, 4*j + v = 5*o - 0. Let q = o - -7. What is the tens digit of q?
1
What is the units digit of (150/5 + 3)*(-86)/(-6)?
3
Let z(o) = -4*o**3 - 4*o**2. Let a be z(-4). Let g be (a/(-30))/(2/(-15)). Suppose -7*s = -11*s + g. What is the units digit of s?
2
Suppose -3*g = -7*g + 1336. Let z be (-6)/(-12) + g/4. Suppose 4*w - 8 = z. What is the tens digit of w?
2
Let i(d) = -208*d + 267. What is the hundreds digit of i(-3)?
8
Suppose -5*w - 645 = -5*k, -2*w = -2*k - w + 254. Suppose -7*z + 1947 = -k. What is the tens digit of z?
9
What is the units digit of (-6216)/126*(-2 + 2/4)?
4
Let f = 3993 + -1772. What is the thousands digit of f?
2
Let w(q) = -q - 1. Let b(i) = -i + 1. Let t(f) = 10*f + 1. Let c(v) = -6*b(v) - t(v). Let m(j) = 3*c(j) - 15*w(j). What is the units digit of m(5)?
9
Let a(n) = -27 + 25 + 2*n - 4*n + 2*n**2. What is the units digit of a(3)?
0
Let q(i) = i + 11. Let n be q(0). What is the units digit of (2/(-4))/(n/(-154))?
7
Let i = 50 - 28. Suppose i = 7*c - 5*c. Let s = c - 9. What is the units digit of s?
2
Let g(x) = -x**2 - 5*x + 7. Let o be g(-6). Let y(m) = 36*m**3 + m**2 - m + 1. What is the tens digit of y(o)?
3
Suppose 2*n - 10 = -0, 0 = -f - 4*n + 4555. What is the units digit of f?
5
Suppose -11*f - 640 = -15*f. Suppose 0 = z + z - f. What is the tens digit of z?
8
What is the tens digit of (-3720)/(-31) + 1/1?
2
What is the tens digit of 2 - -1*(467 + -1)?
6
Let a = 16 + -7. Suppose 14*j = a*j + 520. What is the units digit of j?
4
Suppose n - 5484 - 16 = 0. What is the hundreds digit of n?
5
Suppose -5*a - 5*q - 1664 = -7*a, -4*a + 2*q = -3296. What is the tens digit of a?
2
Let a be (8 + -1 + 2)*-1. Let m = a + 9. Let q(z) = -z**3 - z + 27. What is the units digit of q(m)?
7
Let r(x) = -x**2 + 12*x - 5. Let l be (2 + 10/(-4))*-24. Let i be r(l). What is the units digit of 2 - (2 + (i - -3))?
2
Let z = -109 + 680. Suppose -6*h - 7 = -z. What is the units digit of h?
4
Let c(o) = -o**2 - o. Let y be c(0). Suppose y = 2*r - 6*r + 180. What is the tens digit of r?
4
Let c(s) = -s. Let b be c(0). Suppose b*g + 17 = g. What is the units digit of g?
7
Let j be (-4)/(6/(-1 - 2)). Let p be j/9 - 60/27. What is the tens digit of (-2870)/(-55) - p/(-11)?
5
Suppose 12*w - 7*w = -25. What is the hundreds digit of 4/6*(4 + w)*-258?
1
Suppose -2*k + k + 132 = 5*m, -5*k + 540 = m. Suppose -q - r = -k, 6*q - 211 = 4*q - r. What is the hundreds digit of q?
1
What is the tens digit of 0 + -5 + 3540/50*5?
4
Suppose 3*j - 8*j = -l + 1103, -3*j + 3273 = 3*l. What is the tens digit of l?
9
Let o = -3313 - -7852. What is the thousands digit of o?
4
Suppose -5*k + 970 = b - 2149, 0 = k + 3*b - 621. What is the hundreds digit of k?
6
Let r(i) = 13*i - 54. Suppose 0 = -2*t - t + g + 41, 3*t + 4*g = 46. What is the hundreds digit of r(t)?
1
Let j be ((-3)/(-3))/(1/3). Let w(r) be the third derivative of 5*r**4/24 + r**3/3 + 7*r**2. What is the tens digit of w(j)?
1
Let x = 7 + -7. Suppose -3*f + 3*b = x, -2*f + 4*f = -5*b + 14. What is the units digit of (-4)/(-6)*3/f?
1
Let q = 16 - -5. Suppose -5*m = -4*r + 69 + 83, r + 3*m = q. Suppose -2*s = -r + 1. What is the tens digit of s?
1
Suppose -1699 - 1591 = -7*s. What is the hundreds digit of s?
4
Let y be 27 + (-7 - -3) - -3. Let b = y + -26. What is the units digit of (-2)/(2/(-9) - b)?
9
Suppose -31 = -2*x + x. Suppose f = -0*f + x. Suppose w - a - f = 4*a, -2*w - a + 18 = 0. What is the tens digit of w?
1
Suppose -3*a + 76 = 5*z - 600, -3 = a. Suppose 2*c + 19 = z. What is the units digit of c?
9
Let b(a) = 2*a + 17. Let h(w) = -2*w - 16. Let i(p) = -4*b(p) - 5*h(p). What is the units digit of i(8)?
8
Suppose 0 = 2*l - 4*p - 10, 0*p + 4 = -p. What is the units digit of (66 + 0)/((9/(-8))/l)?
6
Let q = -48 - -118. Suppose d + d - q = 0. What is the units digit of d?
5
Let n(w) = -w**3 - 16*w**2 - 21*w - 7. Let u be n(-16). Suppose -3*f + 5*o + 216 = 0, u = 5*f - o + 3*o. What is the tens digit of f?
6
Let q be (-102)/8*1/(18/(-48)). Suppose -5*c - 3*m = -4*c - q, 5*c + 4*m - 115 = 0. What is the tens digit of c?
1
Let s = 2386 + -2193. What is the units digit of s?
3
Suppose 5*i + 13*v - 7867 = 10*v, 0 = -3*i - v + 4721. What is the tens digit of i?
7
Suppose 4*w = -16, 0 = 218*b - 221*b - 5*w + 1342. What is the hundreds digit of b?
4
Suppose -1674 = -2*a - 2*o, 5*a - 3*o - 5496 = -1351. What is the hundreds digit of a?
8
Let u = 506 - -1643. What is the tens digit of u?
4
Suppose 3 = 2*o - 3. Suppose o*p = -26 + 188. What is the tens digit of p?
5
Let v(i) be the second derivative of -2*i**3 + 3*i**2/2 + 8*i. Let t be v(-2). Let f = 70 - t. What is the tens digit of f?
4
Let a be -1 + 41/(1 + -2). Let f be (-25)/3*a/35. Suppose -3*r + f = 2*r. What is the units digit of r?
2
Let c(j) = j**2 - 2*j - 18. Let s be c(-7). Suppose 0 = 19*r - 20*r + s. What is the tens digit of r?
4
Let b = 38 - 17. Let o(r) = -2*r**3 - 2*r**2 + r - 2. Let k be o(-2). Suppose -k*q + 11 + b = 0. What is the units digit of q?
8
Let z(a) = -43*a**3 - a - 2. What is the tens digit of z(-2)?
4
Let p be ((-18)/(-15))/((-1)/(-5)). Let c(o) = o**2 - 3*o + 3. Let d be c(2). Let n = d + p. What is the units digit of n?
7
Let t(m) = 16*m - 11. Let i(y) = -y + 1. Let o = 3 + 2. Let f(a) = o*i(a) + t(a). What is the tens digit of f(3)?
2
Let h be -1 + 3 + (-27)/(-9). Let c be 92/h - (-12)/(-30). Suppose -c = 2*r - 5*r. What is the units digit of r?
6
Suppose 107 = -5*d + 7. Let t = d - -23. Suppose k - 17 = -0*k + 3*u, -12 = -t*u. What is the units digit of k?
9
Let i = 4 + 0. Let w be 4 - -2*672/i. Suppose -3*m + w = 2*m. What is the tens digit of m?
6
Let p(k) = k**2 + 12*k - 23. Let h be (35/(-21))/(2/24). What is the units digit of p(h)?
7
Let c = 22 - 33. Let b(w) = w**3 + 10*w**2 - 14*w - 12. What is the tens digit of b(c)?
2
Let b = 1094 - -1113. What is the thousands digit of b?
2
Let k(p) = 4*p